e of q**4/2 + 4*q**3/3 + 8*q**2 - 26*q + 116. List the prime factors of y(8).
2, 691
Let p = -29993 - -52299. What are the prime factors of p?
2, 19, 587
Let p(r) = 6*r**2 + 32*r - 56. Let v be p(11). Suppose -4*j + 2086 = -3*l, 0 = 3*j - 3*l - 544 - v. What are the prime factors of j?
2, 5, 13
Suppose -101*b = -2*t - 97*b + 34254, -4*t - 4*b + 68412 = 0. What are the prime factors of t?
71, 241
Suppose 3*w = 4*z - 13 + 7, 3*w + 6 = z. Suppose -q + 10 = -a + 858, -4*a + 3*q + 3394 = z. List the prime factors of a.
2, 5, 17
Let i be 2/(-5) + (-24924)/(-10). Suppose -5*l - n = -i, 6*l - 1986 = 2*l + 3*n. List the prime factors of l.
2, 3, 83
Suppose 14*t - 3*n = 19*t - 24426, -7*t + 5*n = -34178. List the prime factors of t.
2, 3, 11, 37
Suppose 0 = -5*h - h. Suppose h*r = 4*r - 180. Suppose 3*f + r = y, -3*y + 24 = 4*f - 72. What are the prime factors of y?
2, 3
Let l(z) = -z**2 - 6*z - 6. Let b be l(-4). Let v be (-27)/18*(-20)/b. Let c(s) = -s**2 + 17*s - 19. List the prime factors of c(v).
11
List the prime factors of (224976/88 - 6) + -2 + 32/22.
2, 3, 5, 17
What are the prime factors of 37529 - (-106*(-3)/48 - 93/(-248))?
2, 73, 257
Let a = 43138 - 13350. What are the prime factors of a?
2, 11, 677
Suppose 114*y = -46511 + 653396 + 846729. What are the prime factors of y?
41, 311
What are the prime factors of ((-43)/2)/(9128/(-1520) + 6)?
5, 19, 43
Let h = -10496 + 21347. List the prime factors of h.
3, 3617
Suppose 2*i + 3*o - 16 = 0, 5*i - 3*o = -5*o + 40. Suppose 4*w + 1853 + 467 = 3*n, w - 2300 = -3*n. Suppose i*g - 272 = n. List the prime factors of g.
2, 5, 13
Let y(k) = 37*k - 27 + 92*k - 45 + 24. What are the prime factors of y(8)?
2, 3, 41
Let v = 7 + -7. Let q be 2/12*21*(2 - 0). Suppose q*y - 153 - 120 = v. List the prime factors of y.
3, 13
Let p(j) = -11*j**3 + 5*j**2 + 5*j - 1. Let k be p(-4). Let x = k - 1078. Let l = -201 - x. List the prime factors of l.
2, 3, 19
Suppose 96 = -4*a + 96. Suppose a = -23*g + 8164 + 9500. What are the prime factors of g?
2, 3
List the prime factors of (1 + 2)*(25320/(-21))/((-42)/245).
2, 5, 211
Let t(d) = -d**3 - 14*d**2 + d + 19. Suppose 4 = -n - 10. Let m be t(n). Suppose -7*l - m*l + 2172 = 0. What are the prime factors of l?
181
Let w = 64688 + -41059. What are the prime factors of w?
23629
Let v(l) = 51*l**3 - l**2 + 24*l - 15. What are the prime factors of v(9)?
3, 12433
Let s be (-4 + 7)*5/5. Suppose s*k = 5366 - 1046. What are the prime factors of k?
2, 3, 5
Let b = -40 + 46. Let w(q) = -5*q - 3 - q**3 + 14 - b*q**2 + 14*q**2. List the prime factors of w(6).
53
Suppose 19*i - 28*i = 1242. Let t = i - -254. List the prime factors of t.
2, 29
Suppose 5 - 20 = -3*z. Let y = 10 - z. List the prime factors of 68 - y/(25/(-15)).
71
Let v(r) = -2483*r + 308. List the prime factors of v(-11).
3, 11, 31
Let p(z) = 707*z + 5568. List the prime factors of p(7).
13, 809
Let s(o) = 32 - 3*o - 71 + 12. Let v(p) = -p**3 + 4*p**2 + 3*p - 1. Let d be v(5). What are the prime factors of s(d)?
2, 3
Let z(t) = 4*t + 31. Let j be z(-6). Suppose -6*c + 137 + j = 0. What are the prime factors of (-2)/(-3) - (-824)/c?
5, 7
Suppose 6*c + 28 = 2*c. Let b be 93/c + (-24)/(-84). List the prime factors of (-89110)/(-418) - (b/(-11) + -1).
3, 71
Suppose 15 = -5*c - 215. Suppose 2*l + 132 = -4*t, 0 = l - 4*t + 2*t + 66. Let d = c - l. What are the prime factors of d?
2, 5
List the prime factors of (-4)/(-72) + 99359/18 + -10.
2, 5, 19, 29
List the prime factors of 12 + 42*1010/15.
2, 5, 71
Suppose -2*v + 46 + 40984 = 2*u, 2*v = -4*u + 82054. What are the prime factors of u?
2, 641
Let d = -12625 + 21995. List the prime factors of d.
2, 5, 937
Suppose 0*r + 2*r - 2*q - 6 = 0, -2*q - 21 = -5*r. Let o(s) = -2*s**3 - 3*s**2 - 287 + 3*s**3 + 2*s - 4*s + 273. List the prime factors of o(r).
2, 13
Suppose 82*m - 100*m + 331632 = 0. What are the prime factors of m?
2, 7, 47
Suppose 56632 - 206180 = -4*r - 2*d, 74778 = 2*r + 3*d. List the prime factors of r.
2, 3, 31, 67
Suppose -2*i - 5*t - 98 = 0, -5*t - 16 + 95 = -i. Suppose 0 = -p + 120 + 39. Let k = i + p. List the prime factors of k.
2, 5
Suppose 43 = 3*w + 4. Let h = w + -11. List the prime factors of -250*h/(-4) - 0.
5
Let q(k) = 73*k + 168. Let n be q(-6). Let i = n + 885. List the prime factors of i.
3, 5, 41
Suppose -42*d + 38*d + 64 = 0. Let j be (d + 4)/5 + -28. List the prime factors of 3/(-12) - 870/j.
2, 3
Let k be 21 - 19 - (8 + -1). Let o be 0 - (29 + 10/k). Let f = o + 99. List the prime factors of f.
2, 3
Let w(b) = 122*b**2 + 49*b + 381. List the prime factors of w(-8).
3, 23, 113
Let b = 11429 - -15395. List the prime factors of b.
2, 7, 479
Suppose -w = 3 - 1. Let p be 24*(-4)/(-32) - -2. What are the prime factors of 3 - (-406)/10 - w/p?
2, 11
Suppose 0 = 2*l - 13*l + 55. Suppose 0 = -l*i - w, 5*i = 2*i + w. Suppose y + j = 4*y - 120, -2*y - j + 85 = i. What are the prime factors of y?
41
Suppose 0 = -4*d - 17 + 1. Let w(p) = -4*p**2 + 2*p - 8. Let y(o) = -8*o**2 + 5*o - 17. Let v(q) = -9*w(q) + 4*y(q). What are the prime factors of v(d)?
2, 3, 5
Suppose -5*m + 5*s + 0*s - 1015 = 0, m - 2*s + 198 = 0. Let u = 20 - m. List the prime factors of u.
2, 3, 19
Let d(n) = -6*n - 20. Suppose 0 = -9*r + 12*r + 12. Let s be d(r). Suppose s*v = 7*v + 2*u - 88, v - 44 = 3*u. List the prime factors of v.
2
Suppose 0 = -5*b - f + 57519 + 44098, -4*b - 2*f + 81296 = 0. What are the prime factors of b?
20323
Suppose 5*x = -5*p - 2498 - 1197, 3*p = -2*x - 2214. Let o = 1954 + p. List the prime factors of o.
2, 3, 7, 29
Let x be (2/(6 - 5))/(0 - -1). Let c be (-4)/26 + 6/39. Suppose -x*w = 3*g - 371, c*g + 3*w = 3*g - 396. What are the prime factors of g?
127
Let q(z) = -z - 72 + 2*z + 8*z - 4*z + 215. What are the prime factors of q(45)?
2, 23
Let m(q) = q**3 + 19*q**2 + 42*q + 441. What are the prime factors of m(-14)?
7, 17
Let j = 11020 - 779. List the prime factors of j.
7, 11, 19
Suppose 5*o - 4332 = -3*m, -4*o + 3444 = -m - 2*m. Suppose -a - 4*g + 206 = 0, 2*g - 76 + o = 4*a. Suppose 0 = -6*z - 0*z + a. What are the prime factors of z?
3, 11
Suppose 5*l + 525 = -385. Let v = l - -627. What are the prime factors of v?
5, 89
Suppose 11*p + 2300 = 12*p + 3*u, 3*u = 3*p - 6852. Let f = -510 + p. List the prime factors of f.
2, 7, 127
Let x(v) = 4*v**2 + 29*v - 1495. What are the prime factors of x(74)?
5, 13, 347
Suppose 0 = 19*d - 15*d + 2*i - 68170, 5*d - 85211 = -3*i. List the prime factors of d.
2, 4261
Suppose -81*k + 1057357 = -1980548. What are the prime factors of k?
5, 13, 577
Suppose 526 = 24*r + 22. Let m(h) = 2*h**2 - 23*h - 46. What are the prime factors of m(r)?
353
Let n(p) = 180*p - 1202. What are the prime factors of n(10)?
2, 13, 23
Let p(j) = 467*j - 3178. List the prime factors of p(48).
2, 9619
Suppose 2*a = -16*a + 3*a + 61410. What are the prime factors of a?
2, 23, 89
Let r(t) = -t + 7. Let h be r(7). Suppose -c + 142 = 5*o, h = c + 4*o - 147 + 1. Let y = -66 + c. List the prime factors of y.
2, 3
Let a = -274 - 80. Let f = -147 - a. Suppose 6*g = 153 + f. List the prime factors of g.
2, 3, 5
Suppose 6 = d + 4. Let p be (0 + (-1)/d)/((-29)/(-174)). List the prime factors of 4/(-3)*-231*p/(-6).
2, 7, 11
Let l = -106 - -62. Let x = l + 74. Suppose -m + x + 24 = 0. What are the prime factors of m?
2, 3
Suppose -331 = -x + 371. Let a(u) = u**2 - 3*u - 1. Let y be a(5). Suppose 0 = -3*g + y*g - x. List the prime factors of g.
3, 13
Let v be (5 + 5)/(2/1117). List the prime factors of 6/10 + 7/175*v.
2, 7
Let r(u) = 3*u + 4. Let f be r(4). Suppose -2*v + 1 = 69. Let x = f - v. List the prime factors of x.
2, 5
Let c = 48901 - 25854. What are the prime factors of c?
19, 1213
Let b(p) = p**2 + 27*p - 2644. List the prime factors of b(95).
2, 3, 7, 71
Suppose -118*k + 755188 = -1150301 + 469547. List the prime factors of k.
43, 283
Suppose b - 3*b = -4. Suppose v - 8330 = -4*v - 5*g, 3*v - 5008 = b*g. List the prime factors of v.
2, 3, 139
Let i = 140 - 147. List the prime factors of 325 + 1 - (i - (1 + -4)).
2, 3, 5, 11
Let c(k) be the third derivative of -7*k**6/720 + k**5/30 - k**4/2 - 11*k**2. Let u(h) be the second derivative of c(h). List the prime factors of u(-10).
2, 37
List the prime factors of (18 + 3584/(-42))*(-426)/4.
71, 101
Supp